5
Let a(t) = 1011*t - 34245. Determine a(34).
129
Let i(j) = -23*j**3 + 107*j**2 + 100*j - 6. Give i(6).
-522
Let f(y) = -6*y**2 + 117*y - 337. Give f(18).
-175
Let c(h) = -66267*h + 132620. What is c(2)?
86
Let x(z) = 5878*z + 3661987. Give x(-623).
-7
Let f(u) = -80*u**2 + 718*u - 21. What is f(9)?
-39
Let m(r) = 499049*r + 1497236. Give m(-3).
89
Let o(n) = 1194*n**2 - 2432*n + 42. Give o(2).
-46
Let g(k) = 3*k**2 - 10129*k + 20241. Give g(2).
-5
Let j(m) = 3*m**3 - 254*m**2 + 431*m - 115. What is j(83)?
1213
Let t(j) = 2*j**3 - 226*j**2 + 1665*j - 381. Give t(105).
-1956
Let r(q) = -7072*q + 247142. Calculate r(35).
-378
Let l(w) = 16035*w - 81302. Calculate l(5).
-1127
Let n(i) = 82*i**2 + 3697*i + 28777. What is n(-10)?
7
Let r(m) = -m**3 + 57*m**2 - 42*m - 1091. Determine r(56).
-307
Let l(c) = 23581*c - 188665. Give l(8).
-17
Let o(i) = i**3 - 279*i**2 - 566*i - 188. Determine o(281).
-1312
Let n(w) = -w**3 + w**2 + 63*w - 102. What is n(6)?
96
Let l(v) = -50158*v - 451370. Determine l(-9).
52
Let s(l) = -42*l**2 - 1973*l + 1930. Determine s(-48).
-134
Let q(t) = -5949*t + 1231438. Determine q(207).
-5
Let k(t) = 78*t + 15277. What is k(-186)?
769
Let v(m) = 4572*m**2 + 1353311*m - 313. What is v(-296)?
-17
Let s(h) = -29*h**3 - 9*h**2 - 155*h - 294. What is s(-2)?
212
Let l(w) = 58*w**2 - 6547*w + 26175. Calculate l(4).
915
Let i(z) = 3*z**2 - 928*z + 71283. Give i(167).
-26
Let v(h) = -52730*h - 158400. Calculate v(-3).
-210
Let s(h) = h**3 + 152*h**2 + 1209*h + 1829. What is s(-2)?
11
Let i(y) = 4*y**2 - 129*y + 347. Determine i(28).
-129
Let r(j) = 15*j**3 + 10*j**2 - 475*j - 2027. Calculate r(-4).
-927
Let o(r) = 15*r**3 - 234*r**2 + 651*r - 38. Calculate o(12).
-2
Let j(g) = 68*g - 11116. What is j(160)?
-236
Let n(r) = -37*r**2 + 840*r + 5. Calculate n(23).
-248
Let k(f) = 8*f**3 - 4272*f**2 - 8535*f + 17. Determine k(-2).
-65
Let g(c) = 2*c**3 + 162*c**2 + 359*c + 3519. What is g(-79)?
122
Let x(w) = w**3 - 20*w**2 - 66*w + 1507. Give x(19).
-108
Let x(n) = 2*n**3 - 74*n**2 + 123*n - 307. Calculate x(35).
-902
Let b(p) = 2284595*p + 2284578. Calculate b(-1).
-17
Let f(v) = -2861386*v + 40059407. Calculate f(14).
3
Let s(i) = -i**3 + 11*i**2 + 3771*i - 26586. Determine s(7).
7
Let a(g) = 4039*g + 7996. What is a(-2)?
-82
Let x(p) = p**2 - 54*p - 124. Determine x(57).
47
Let s(b) = -6*b**3 - 1542*b**2 + 9*b + 2304. Give s(-257).
-9
Let t(g) = 1205*g - 28728. Determine t(24).
192
Let m(t) = t**2 + 450*t + 31638. Calculate m(-87).
57
Let u(a) = -21*a**3 - 253*a**2 + 25*a + 546. Calculate u(-12).
102
Let j(b) = b**2 + 43*b - 16144. What is j(105)?
-604
Let s(f) = -43662*f - 305585. Give s(-7).
49
Let l(d) = 11817*d + 58541. Determine l(-5).
-544
Let l(i) = -508*i - 5462. Calculate l(-11).
126
Let m(u) = -u**3 - 48*u**2 - 831*u - 14427. Give m(-36).
-63
Let m(g) = 1697*g + 1045330. Give m(-616).
-22
Let y(q) = -q**3 + 90*q**2 - 657*q + 17. Determine y(8).
9
Let c(h) = 9*h**3 + 127*h**2 + 58*h + 6. What is c(-13)?
942
Let f(o) = 4*o**3 - 210*o**2 + 2184*o + 756. Give f(38).
-4
Let i(p) = 3*p**3 - 167*p**2 - 4551*p - 153. Determine i(-20).
67
Let g(i) = -347*i + 6039. Give g(15).
834
Let i(y) = -2*y**3 - 64*y**2 - 2*y - 235. Determine i(-32).
-171
Let v(r) = -34*r**3 - 11*r**2 + 37*r + 101. Calculate v(-2).
255
Let g(y) = 14*y**2 - 2724*y - 865. Give g(194).
-2417
Let g(c) = 4166150*c - 4166158. Determine g(1).
-8
Let u(s) = 92781*s - 60. Give u(0).
-60
Let u(g) = 8030*g - 433612. Calculate u(54).
8
Let h(l) = 30*l**3 - 11*l**2 + 74*l + 151. Calculate h(-2).
-281
Let h(x) = -x**3 + 16*x**2 + 17*x - 152. Determine h(13).
576
Let g(x) = 3*x**2 - 13*x - 23325. What is g(-86)?
-19
Let g(r) = 3*r**3 - 90*r**2 - 2938*r + 7091. Give g(49).
-14
Let r(n) = 39*n**2 - 4657*n - 42896. Calculate r(128).
-16
Let v(w) = -48172*w + 2890309. Give v(60).
-11
Let i(y) = y**3 - 62*y**2 - 88*y + 1187. Determine i(63).
-388
Let z(m) = -53946*m + 485636. Calculate z(9).
122
Let b(i) = -2*i**2 - 65*i + 492. What is b(7)?
-61
Let q(j) = 346*j + 5547. Calculate q(-16).
11
Let w(f) = 832*f + 57200. Give w(-75).
-5200
Let h(w) = -480*w - 224140. Calculate h(-467).
20
Let y(h) = h**3 + 23*h**2 - 264*h - 385. Give y(-32).
-1153
Let t(n) = 15*n**3 + 3*n**2 - 223*n - 451. Give t(-2).
-113
Let x(v) = -v**3 - 20*v**2 - 130*v - 369. Determine x(-11).
-28
Let l(g) = -12165*g - 97343. What is l(-8)?
-23
Let h(z) = 313*z - 63865. What is h(206)?
613
Let f(a) = 76*a - 5353. Determine f(67).
-261
Let m(k) = k**3 + 17*k**2 + 45*k + 867. Determine m(-20).
-1233
Let q(w) = -w**3 + 37*w**2 - 419*w + 7204. Calculate q(31).
-19
Let w(g) = 130*g**2 + 4268*g + 94. Determine w(-33).
820
Let b(r) = r**2 + 6666*r + 113147. Determine b(-17).
114
Let j(l) = 2*l**3 + 9*l**2 + 171*l + 681. Determine j(-4).
13
Let g(y) = 2*y**2 - 516*y - 35289. Calculate g(-57).
621
Let k(s) = -s**3 - 43*s**2 + 11101*s + 906. What is k(-129)?
3
Let l(y) = 11*y**3 + 1945*y**2 - 396*y - 7433. What is l(-177)?
1
Let x(q) = 11*q**2 + 350*q - 247. Determine x(-34).
569
Let m(u) = u**3 - 30*u**2 - 136*u + 2411. What is m(31)?
-844
Let r(i) = -2*i**3 - 43*i**2 - 204*i - 7. What is r(-15)?
128
Let k(x) = 4*x**3 - 2088*x**2 + 64553*x - 2439. Give k(489).
6
Let o(k) = 29*k**2 - 225*k - 110. Calculate o(12).
1366
Let h(x) = x**3 - 24*x**2 + 38*x - 2439. Calculate h(26).
-99
Let x(t) = -102*t + 280. Calculate x(4).
-128
Let o(q) = -74499*q - 148969. Calculate o(-2).
29
Let a(z) = -16*z**2 + 1074*z - 223. Calculate a(67).
-89
Let z(k) = -k**2 - 62143*k + 745870. Calculate z(12).
10
Let f(m) = -2261*m - 23. Determine f(0).
-23
Let h(o) = 83*o - 12211. Give h(150).
239
Let x(y) = -328*y + 124995. Calculate x(381).
27
Let c(w) = 155*w + 13540. Give c(-87).
55
Let t(o) = 3*o**2 - 89*o - 1733. What is t(41)?
-339
Let o(k) = 2354*k - 16399. Give o(6).
-2275
Let h(m) = 5*m**2 + 1690*m + 142667. Determine h(-174).
-13
Let i(b) = -b**3 - 18*b**2 - 92*b - 837. Determine i(-16).
123
Let c(o) = 48*o**2 - 37407*o - 74816. Determine c(-2).
190
Let f(k) = -5036*k - 271966. What is f(-54)?
-22
Let q(v) = -1369*v**3 - 11*v**2 - 9*v + 1. Determine q(-1).
1368
Let w(r) = -r**2 - 131*r + 74395. Determine w(215).
5
Let s(q) = -q**3 + 147*q**2 - 586*q + 2271. Give s(143).
269
Let l(w) = -w**2 + 217*w + 64558. What is l(385)?
-122
Let f(p) = 13*p**3 - 1784*p**2 + 371*p + 5482. What is f(137)?
2
Let b(t) = -3139*t + 25353. Calculate b(9).
-2898
Let i(s) = -59*s**2 + 25*s + 283. What is i(-3)?
-323
Let d(o) = -157*o - 70810. Calculate d(-451).
-3
Let f(i) = 122283*i - 4646733. Give f(38).
21
Let t(m) = -43*m + 1207. Determine t(6).
949
Let f(w) = 7*w**3 + 39*w**2 - 131*w + 14. Calculate f(4).
562
Let z(b) = 10737*b - 311540. Give z(29).
-167
Let i(d) = -d**2 + 30930*d - 1297303. Determine i(42).
-7
Let o(r) = 18*r**2 + 2855*r - 110. Calculate o(-158).
-1848
Let n(u) = -51*u**2 + 2081*u - 5444. Give n(38).
-10
Let w(x) = -4*x**3 - 19*x**2 + 380*x + 1891. What is w(-5)?
16
Let h(d) = -1878*d - 366209. Give h(-195).
1
Let a(s) = 1788*s + 461565. Give a(-258).
261
Let r(i) = i**3 + 18*i**2 - 3*i - 18. Determine r(-7).
542
Let t(d) = 2041*d + 151116. Calculate t(-74).
82
Let w(c) = -210*c**2 - 4111*c + 1764. Determine w(-20).
-16
Let w(j) = -2*j**3 + 84*j**2 + 2817*j - 76. What is w(64)?
-12
Let j(g) = -8*g**2 - 2336*g + 19246. Give j(8).
46
Let y(t) = 17*t**2 - 402*t + 70. Calculate y(17).
-1851
Let p(n) = 45328*n - 67538719. Calculate p(1490).
1
Let u(r) = 35*r**2 + 258*r + 1079. What is u(-6)?
791
Let p(s) = -4*s**3 + 152*s**2 - 867*s - 1. Determine p(31).
30
Let i(k) = -6813*k**2 + 7582868*k + 1113. What is i(1113)?
0
Let b(h) = -2*h**3 - 38*h**2 + 90*h - 143. Determine b(-21).
-269
Let t(d) = -1787*d - 239428. Determine t(-134).
30
Let g(b) = -3462*b + 17323. Calculate g(5).
13
Let x(f) = 1657*f**2 + 13255*f - 1. Calculate x(-8).
7
Let v(y) = 141*y**3 + 8*y**2 + 7*y - 14. Determine v(1).
142
Let c(d) = 816*d + 13852. Determine c(-18).
-836
Let g(r) = 9727*r + 2295536. Determine g(-236).
-36
Let n(w) = -13664*w - 1298072. Calculate n(-95).
8
Let m(k) = k**3 + 90*k**2 - 1576*k + 6150. Give m(9).
-15
Let r(h) = 22693*h - 158773. Give r(7).
78
Let f(y) = -123*y**2 + 1415*y - 5626. Give f(4).
-1934
Let i(p) = -462*p**2 + 14559*p + 14559. Give i